6?
0
What is the ten thousands digit of 27286769?
8
What is the thousands digit of 54011695?
1
What is the millions digit of 1601224248?
1
What is the hundred millions digit of 150130489?
1
What is the hundred thousands digit of 140974823?
9
What is the hundreds digit of 883118050?
0
What is the tens digit of 66238772?
7
What is the hundreds digit of 117534272?
2
What is the hundred millions digit of 448651263?
4
What is the units digit of 1575543317?
7
What is the ten thousands digit of 333866124?
6
What is the hundreds digit of 16677966?
9
What is the thousands digit of 49873980?
3
What is the thousands digit of 190372341?
2
What is the units digit of 258239243?
3
What is the hundred millions digit of 1077285412?
0
What is the hundreds digit of 47505489?
4
What is the hundreds digit of 177365532?
5
What is the units digit of 128681883?
3
What is the units digit of 16226531?
1
What is the hundred millions digit of 1432842384?
4
What is the ten millions digit of 81880190?
8
What is the billions digit of 4696973667?
4
What is the hundred millions digit of 335984744?
3
What is the thousands digit of 489942285?
2
What is the thousands digit of 16297372?
7
What is the hundred thousands digit of 410926839?
9
What is the hundred thousands digit of 2245046?
2
What is the hundreds digit of 784824569?
5
What is the ten millions digit of 211788031?
1
What is the hundred millions digit of 111928767?
1
What is the hundred millions digit of 647451303?
6
What is the thousands digit of 27065551?
5
What is the thousands digit of 595824996?
4
What is the ten thousands digit of 2231344893?
4
What is the tens digit of 1134117030?
3
What is the millions digit of 54374098?
4
What is the hundred thousands digit of 131839946?
8
What is the units digit of 1306601138?
8
What is the tens digit of 365897609?
0
What is the units digit of 119638064?
4
What is the tens digit of 117906366?
6
What is the hundred millions digit of 146880050?
1
What is the ten millions digit of 126118426?
2
What is the ten millions digit of 380144643?
8
What is the units digit of 1337102949?
9
What is the ten millions digit of 63229512?
6
What is the millions digit of 204983101?
4
What is the units digit of 2134367153?
3
What is the tens digit of 174302963?
6
What is the thousands digit of 3666846?
6
What is the tens digit of 47117830?
3
What is the hundreds digit of 67479341?
3
What is the billions digit of 3702920917?
3
What is the millions digit of 642740992?
2
What is the hundreds digit of 37571742?
7
What is the hundred millions digit of 912099835?
9
What is the hundred thousands digit of 1430483171?
4
What is the units digit of 83716441?
1
What is the units digit of 134764703?
3
What is the units digit of 1044928941?
1
What is the ten thousands digit of 126414562?
1
What is the units digit of 1611461155?
5
What is the tens digit of 69168786?
8
What is the ten thousands digit of 549469586?
6
What is the millions digit of 24035385?
4
What is the units digit of 87625353?
3
What is the ten millions digit of 42450513?
4
What is the tens digit of 2282945918?
1
What is the thousands digit of 145437949?
7
What is the ten millions digit of 161448641?
6
What is the ten thousands digit of 2730073720?
7
What is the hundred thousands digit of 77651865?
6
What is the ten thousands digit of 556250078?
5
What is the ten thousands digit of 1046921849?
2
What is the hundreds digit of 111516249?
2
What is the millions digit of 93604971?
3
What is the ten millions digit of 300016302?
0
What is the tens digit of 31722844?
4
What is the ten millions digit of 188840561?
8
What is the tens digit of 32088527?
2
What is the billions digit of 8781825258?
8
What is the hundred thousands digit of 42862362?
8
What is the hundred millions digit of 1294508123?
2
What is the tens digit of 166048285?
8
What is the billions digit of 3015953781?
3
What is the ten thousands digit of 67626559?
2
What is the units digit of 61859119?
9
What is the ten millions digit of 408186621?
0
What is the tens digit of 4237352738?
3
What is the thousands digit of 8133218?
3
What is the hundreds digit of 33393845?
8
What is the hundred thousands digit of 236275164?
2
What is the ten millions digit of 126224988?
2
What is the hundred thousands digit of 173868055?
8
What is the ten millions digit of 5209236727?
0
What is the hundred millions digit of 360476265?
3
What is the hundreds digit of 3595967819?
8
What is the tens digit of 939835020?
2
What is the thousands digit of 423664489?
4
What is the units digit of 59318964?
4
What is the ten thousands digit of 24472588?
7
What is the ten thousands digit of 7196139986?
3
What is the ten thousands digit of 6914935478?
3
What is the billions digit of 1680791911?
1
What is the units digit of 140847732?
2
What is the units digit of 1232131756?
6
What is the units digit of 174829679?
9
What is the units digit of 393497437?
7
What is the hundred thousands digit of 2447185215?
1
What is the hundred thousands digit of 1430910934?
9
What is the ten millions digit of 86412555?
8
What is the tens digit of 3409105803?
0
What is the units digit of 2688316084?
4
What is the ten millions digit of 22307685?
2
What is the millions digit of 46961404?
6
What is the units digit of 100758497?
7
What is the ten thousands digit of 1850522277?
2
What is the ten millions digit of 2814151405?
1
What is the hundred thousands digit of 2797793317?
7
What is the thousands digit of 184894397?
4
What is the hundred thousands digit of 35345521?
3
What is the hundreds digit of 44849363?
3
What is the hundreds digit of 367089277?
2
What is the thousands digit of 2683754901?
4
What is the hundreds digit of 20894787?
7
What is the thousands digit of 70034558?
4
What is the millions digit of 5215854528?
5
What is the ten thousands digit of 64940869?
4
What is the ten thousands digit of 605400921?
0
What is the ten thousands digit of 30128683?
2
What is the tens digit of 30314868?
6
What is the ten millions digit of 280397101?
8
What is the ten millions digit of 2999073017?
9
What is the hundreds digit of 446596942?
9
What is the hundred millions digit of 1404408066?
4
What is the millions digit of 168398128?
8
What is the thousands digit of 204071289?
1
What is the hundred millions digit of 1790979593?
7
What is the ten thousands digit of 150424186?
2
What is the millions digit of 3214625972?
4
What is the hundred millions digit of 1989619115?
9
What is the hundreds digit of 783114052?
0
What is the ten millions digit of 35285575?
3
What is the ten millions digit of 54006358?
5
What is the hundreds digit of 121442388?
3
What is the thousands digit of 35716543?
6
What is the ten thousands digit of 632137815?
3
What is the hundred thousands digit of 37079943?
0
What is the tens digit of 710356920?
2
What is the tens digit of 1669616?
1
What is the units digit of 479862477?
7
What is the hundred thousands digit of 3392548522?
5
What is the hundreds digit of 410905638?
6
What is the units digit of 45352827?
7
What is the millions digit of 51678106?
1
What is the tens digit of 728900731?
3
What is the thousands digit of 919088918?
8
What is the hundred thousands digit of 83640057?
6
What is the hundred thousands digit of 28300221?
3
What is the hundreds digit of 109017493?
4
What is the ten millions digit of 45154676?
4
What is the hundreds digit of 26325724?
7
What is the hundred thousands digit of 223063046?
0
What is the units digit of 228498828?
8
What is the hundred millions digit of 116699776?
1
What is the hundreds digit of 201311453?
4
What is the hundred thousands digit of 165964833?
9
What is the ten millions digit of 44755405?
4
What is the thousands digit of 947576258?
6
What is the hundred thousands digit of 5955125839?
1
What is the units digit of 209235714?
4
What is the tens digit of 301909698?
9
What is the ten thousands digit of 28575496?
7
What is the thousands digit of 51288018?
8
What is the units digit of 37804988?
8
What is the hundred thousands digit of 518886358?
8
What is the ten thousands digit of 78169599?
6
What is the ten thousands digit of 906913853?
1
What is the millions digit of 3016479657?
6
What is the hundreds digit of 491947833?
8
What is the ten thousands digit of 713462465?
6
What is the mi